ive of t**4/12 - t**3/3 + 3*t**2 - t - 1144. Determine d(0).
6
Let h(n) = 2*n**2 + 35*n + 2. Let u be h(-18). Suppose f + 380 = u*f. Let m(d) = d**2 - 22*d + 43. Give m(f).
3
Let u(z) = 24*z + 67669 + 4*z**2 + 12*z - 67822 - z**3. Determine u(4).
-9
Suppose -24 = -2*x - 2*z, 461*x + 28 = 464*x + z. Let m(o) = -10*o + 92. Determine m(x).
12
Let u = -168 + 180. Let o(k) = -5*k - 7*k + u + k + 16*k - 4*k. What is o(-4)?
8
Let t(p) = p**2 + 7*p + 7. Let v = 58 - 34. Let x = 29 - v. Suppose x = -0*q - q. Determine t(q).
-3
Suppose -4*r = -10*f + 34, f + 12 - 43 = 5*r. Let n(d) be the third derivative of 0*d**4 + 0 + 1/6*d**3 + 0*d - 1/5*d**5 + d**2. Determine n(f).
-11
Let z(b) be the third derivative of -1/60*b**5 + 2*b**3 - 1/24*b**4 + 0 - 40*b**2 + 0*b. What is z(-5)?
-8
Let v = -4 + 8. Let b(s) = 1 - v - 2*s + 1. Let k be (127 - 70)/(-114)*1/1*-6. Calculate b(k).
-8
Let d(j) = 6*j**2 - 12*j + 9. Let s be d(2). Let y(o) = -o**3 + 8*o**2 + 6*o + 23. What is y(s)?
-4
Let a(u) = 1 + 0*u**2 - 13*u - 3*u**2 + 5*u**2. Let c be a(7). Let h(m) = 3*m + 4 + m**2 - 14*m - 3 + 0. What is h(c)?
-23
Let d(r) = -2*r**3 - 97*r**2 + 42*r - 353. Let b = -32169 - -32120. What is d(b)?
-10
Let l(d) = 3*d**2 - 6*d - 4. Let g = 777 + -772. Suppose -44*z = -45*z + g. Calculate l(z).
41
Let c(s) = 0*s**3 + 2 - s**2 + 2*s**3 - 106*s - 52*s + 162*s. Determine c(-2).
-26
Let w(r) = 1098949*r**2 + 3*r - 1098991*r**2 - 4*r. What is w(1)?
-43
Let z(t) be the first derivative of -20*t**3 - 5*t**2/2 + t + 3455. What is z(1)?
-64
Let r be (18/4)/(23/966). Let a be -4*(r/30)/((-6)/(-5)). Let v(x) = -x**3 - 21*x**2. Let w be v(a). Let z(q) = -q**3 + q**2 + q + 22. What is z(w)?
22
Let z(a) = a - 147 - 559*a**2 + 8*a + 28 + 560*a**2. What is z(-17)?
17
Let d(i) be the third derivative of i**6/60 + i**5/20 + i**4/12 + i**3/2 + 80*i**2 - 12. Determine d(-2).
-5
Let a be 4/(-10) - (-24)/10. Let v(w) be the second derivative of w**3/6 + w**2/2 - 2980*w. What is v(a)?
3
Let r(s) = -12*s**3 - 18*s**2 + 64*s + 26. Let y(v) = -7*v**3 - 9*v**2 + 34*v + 14. Let o(w) = 3*r(w) - 5*y(w). Determine o(-11).
8
Let f(l) be the first derivative of -31*l + 3*l**2 - 1/6*l**3 - 37. Let s(g) be the first derivative of f(g). Determine s(-6).
12
Let r(t) = t**2 + 9*t - 41. Let m be r(-13). Let f(n) = 3 + 1 - n**2 + 12*n - 5 - 1. What is f(m)?
9
Let f(y) = 3*y + 44. Suppose -41*j + 335 = 1032. Calculate f(j).
-7
Let k(v) = 5*v**2 - 9*v - 7. Suppose j + 15 = -4*s + 6*j, -s + 5*j = 30. Determine k(s).
73
Let c(x) = -x**2 + 5*x - 5. Suppose 7*h = 11*h - 24. Let m(d) = -d**3 + 4*d**2 + 14*d - 10. Let j be m(h). Give c(j).
1
Let l(j) = -j - 27. Let c(q) = 8*q**2 + 80*q - 82. Let p be c(-11). Calculate l(p).
-33
Let i(l) be the third derivative of -l**5/60 + 5*l**4/24 + 95*l**3/6 - 13*l**2 - l. Let p be i(12). Let h(b) = -5*b + 14 + 8*b - 4*b. What is h(p)?
3
Let k(s) be the second derivative of s**3/6 - s**2/2 - 2*s. Let n = -97119 + 97118. Determine k(n).
-2
Let t(q) be the first derivative of 0*q + 18 - 9/2*q**4 + 0*q**3 + 1/2*q**2. Suppose -2*r - 5 + 0 = -5*f, -f = 3*r + 16. Calculate t(f).
17
Let o(c) = -159*c**2 + 7 + 156*c**2 + c**3 + 3*c + 4 + 2*c**3. Let y(g) = -2 + g**2 - 2 - g + 0 - g**3. Let b(i) = 2*o(i) + 7*y(i). Determine b(0).
-6
Let y(l) = 6*l**2 + 9*l + 4. Let g = -23 - -17. Let h(i) be the first derivative of 7*i**3/3 + 5*i**2 + 5*i + 15. Let v(s) = g*y(s) + 5*h(s). Determine v(-2).
5
Suppose 9*r - 5*r - 12 = 0. Let t be (r + -1)/((-11)/(-44)). Suppose 0 = -11*q + t*q - 3. Let x(g) = -10*g**2 + g. Give x(q).
-11
Let t be (138/(-8))/(138/(-736)). Let a = t - 95. Let g(c) = -2*c. Give g(a).
6
Let p(n) be the second derivative of n + 1/3*n**3 + 1/6*n**4 - 1 - 1/2*n**2. Let y = 2 - 0. What is p(y)?
11
Let o(w) = -12*w - 11. Let m(r) = 6*r + 4. Let n(u) = 8*m(u) + 3*o(u). Let j be (4/10)/((-10)/(-50)). Suppose 2*x - j = -4. Give n(x).
-13
Let u = 402 + -698. Let w = -298 - u. Let v(t) = t - 1 + 1. Determine v(w).
-2
Let u(g) = g**3 - 3*g**2 + g + 2. Let w(n) = 12*n + 2. Let i be w(-2). Let x = i - -46. Let a be 6*(3 + x/(-9)). What is u(a)?
0
Suppose -2*h = -d + 18, 30 = -3*h + 74*d - 72*d. Let g(q) = -q + 13. Give g(h).
19
Let z(t) = -6 + t - 4*t - 2376*t**2 - 4*t + 2375*t**2. Determine z(-6).
0
Let x(d) = 14*d**2 + 138*d - 26. Let y be x(-10). Let g(z) = 14*z + 70. Calculate g(y).
-14
Let n(z) = -7*z**2 - 45*z + 37. Let i(a) = -2*a**2 - 14*a + 12. Let k(w) = 10*i(w) - 3*n(w). Let l = -2 + 23. Let r = l + -15. Determine k(r).
15
Let x(j) = -57*j + 9. Let d be x(2). Let c be 4 - d/12 - 2/(-8). Let m(v) = v - 9. Give m(c).
4
Let j(b) = -b**2 + 7*b - 1. Suppose -2*u - l - 5 = -2, 5 = 5*l. Let i be (u/3)/(16/24)*-9. Give j(i).
-19
Let n(c) = 2*c. Let r(l) = 2*l**2 - 4*l - 15. Let m(s) = -5*n(s) - r(s). Calculate m(-5).
-5
Suppose 6*w = -106 - 38. Let o = w + 30. Let x(s) be the third derivative of -s**4/24 + 7*s**3/6 - 18*s**2. What is x(o)?
1
Let m(y) = y**3 + 9. Suppose 3*z - 2 = r - 8, 4*z + 8 = r. What is m(r)?
9
Let c(x) = -13*x - 330. Let l = 2399 - 2424. Determine c(l).
-5
Let k(m) = -2*m**2 + 26*m - 17. Suppose 5*z - 4*w - 49 = 0, 4*z + 5*w - 57 = 15. What is k(z)?
-17
Let g(m) = 2*m**2 + 1. Let o be ((5/(-4))/5)/((-12)/(-48)). Determine g(o).
3
Let p(v) = 5*v**3 - 31*v**2 - 14*v - 35. Let r(h) = -3*h**3 + 16*h**2 + 6*h + 18. Let k(d) = 4*p(d) + 7*r(d). Determine k(-10).
-74
Let x = -1870 + 1866. Let n(k) = -k**3 - 2*k**2 + 2*k - 1. Give n(x).
23
Let l(n) = -16 - 12 - n + 2*n + 25. Calculate l(-13).
-16
Let c(v) be the third derivative of -v**6/120 - 7*v**5/60 - v**4/4 - v**3/6 - v**2. Let j(h) = -22*h**2 - 1007*h - 769. Let x be j(-45). Give c(x).
-25
Suppose 3*k - 5*m + 10 = 1, -k - 4*m + 14 = 0. Let z(j) = -j + 286 + 287 - 862 + 291. Calculate z(k).
0
Let m(c) = -c**2 + c - 1. Let d(b) = -b**3 + 37*b**2 - 3*b - 29. Let w(p) = d(p) + 4*m(p). Let h be w(33). Let a(s) = -s**3 - s**2 - s + 20. Determine a(h).
20
Suppose -11*q = 20 + 13. Let t be 5 + -1 - (-3)/(q/4). Let n(u) = u**2 + u - 11. What is n(t)?
-11
Let u(w) = -4*w - w**2 + 12 - 12. Let t be (-1)/(-3) - (-2 - (-41)/(-3)). Suppose t*i = 11*i - 15. Give u(i).
3
Let y(m) = -24*m**3 + 2*m**2 + 10*m + 8. Let v(a) = -19*a**3 + 2*a**2 + 7*a + 8. Let k(u) = 5*v(u) - 4*y(u). Give k(-5).
-42
Let z(b) be the first derivative of b**4/4 + 7*b**3/3 + b**2/2 + 6*b + 721. Calculate z(-7).
-1
Let c = 9990 + -9993. Let k(s) = -4*s + s**2 - 5*s**3 + 2*s**2 + 2*s**3 - 7 + 4*s**3. Calculate k(c).
5
Let g = -8 - -11. Suppose g*l = -5*a + 35, 0 = -0*l - 4*l + 20. Let b(h) = a + h**2 - 3 - h + 20. What is b(0)?
21
Let y = -691 - -610. Let n(t) = t**3 + 9*t**2 - 2*t + 6. Let d be n(-8). Let c = y + d. Let h(b) = b**3 - 4*b**2 - 4*b - 7. Determine h(c).
-2
Let t(w) be the second derivative of -1/3*w**3 + 0 - 3/10*w**5 - 16*w + 1/4*w**4 + 1/2*w**2. Let z be t(1). Let a(l) = l**2 - l - 3. Calculate a(z).
17
Let w(q) = q**3 + 6*q**2 - 8*q - 3. Suppose -26*g + 36*g + 490 = 0. Let z = -20 - -62. Let h = z + g. What is w(h)?
4
Suppose 5*l = 182 + 318. Suppose -3*q + l = 2*q. Suppose -4*n = 4*z + 28, 6*z + 2*n = 2*z - q. Let m(k) = -2*k**2 - 3*k. Give m(z).
-9
Suppose 36 = -2*k - 2*k. Let v = k - -15. Let f(a) = -863 + 384 + 481 + 5*a**2 + 0*a**3 + 6*a - a**3. Determine f(v).
2
Let d(w) = w**3 + 4*w**2 - 4*w. Let g = 29 + -47. Let t(s) = -5*s + 31. Let m(u) = -4*u + 31. Let r(q) = 7*m(q) - 6*t(q). Let b be r(g). Calculate d(b).
-5
Let p(z) = -8*z - 18. Suppose -784 = 45*c + 85*c + 1036. Determine p(c).
94
Let o(q) = -3*q**3 - 11. Let p(d) = -5*d**3 + d**2 - d - 17. Let u(z) = 3*o(z) - 2*p(z). Give u(0).
1
Suppose -18 - 8 = -26*w. Let s(n) be the first derivative of 2*n**4 + n**3/3 - n**2/2 + n + 23. Calculate s(w).
9
Let s(r) = -5*r - 36. Let v be s(-7). Let t(d) = 231*d**2 + 140*d - 280. Let m(k) = -10*k**2 - 6*k + 12. Let x(j) = 70*m(j) + 3*t(j). Calculate x(v).
-7
Let v(a) = -a - 5. Let g = 7 - 14. Let q(j) be the third derivative of -j**6/120 - 2*j**5/15 - 13*j**4/24 - 19*j**3/3 + 748*j**2. Let i be q(g). What is v(i)?
-9
Suppose -v = 12*v - 195. Let t(z) = -9 + v*z - 2*z - 11*z - 8. Determine t(5).
-7
Let f(r) be the third derivative of -1/120*r**6 + 1/3*r**3 + 0 + 1/12*r**5 + 7/24*r**4 + 128*r**2 + 0*r. Determine f(6).
8
Let i(t) = 2*t**3 + 5. Let v be (-